(-3)/(-2)*(-24)/(-9). Suppose -m = j*m - 265. Is m composite?
False
Suppose -5*z + 302 = 2*p, 2*p - 3*p - 3*z + 152 = 0. Let r = p + -100. Is ((-1)/(-2))/(1/r) a composite number?
False
Is ((-3338)/4)/(6/48*-4) a composite number?
False
Suppose -2*c = c - 2676. Is c/24 - (-1)/(-6) a composite number?
False
Let p = 15 + -9. Let j be p/(-27) - 7/9. Is j/(1416/(-471) - -3) a prime number?
True
Let w(p) = -132*p**3 - p**2 - p - 1. Suppose -7*u + 4 = 4*k - 3*u, 5*u - 10 = 0. Is w(k) prime?
True
Suppose 2*w - 3*r + 90 - 476 = 0, -4*r + 414 = 2*w. Let x = -84 + w. Is x a prime number?
False
Let y(j) = 23*j**2 + 13*j + 1. Is y(7) a composite number?
True
Suppose o = 4*p - 2, 0 = -3*p + 5 + 4. Is 785*(14/o - 1) composite?
True
Suppose -15 = 5*l, 2*q - 1253 = -2*q - 5*l. Is q prime?
True
Let s(x) = x - 10. Let k be s(10). Let d(q) be the first derivative of -q**3/3 + q**2/2 + 79*q - 2. Is d(k) a composite number?
False
Let v = 166 + 345. Is v a prime number?
False
Let j(v) = 20*v**2 - 7*v - 5. Is j(6) composite?
False
Suppose -5*m = 2*a + a + 11, -3*a = -3*m + 3. Let g be (-132)/18*(-10 - m). Suppose 4*c = 4*n - 2*n - 66, -2*n - 3*c = -g. Is n a prime number?
False
Suppose -2*l + 2 = -2*j, 3 - 5 = 2*j + 2*l. Let s = 1 - j. Suppose k - 6 = -s. Is k prime?
False
Suppose 4*r = 809 + 1715. Is r prime?
True
Suppose -6 = -i + 4*k - 1, 5*i + 2*k - 25 = 0. Suppose 3*n = 3*y + 41 + 28, 3*n = -i*y + 101. Suppose -w = -2*u + n, -4*u + 25 + 9 = 2*w. Is u composite?
False
Suppose 0 = -3*s + s + 168. Suppose -151 - s = -5*x. Is x a prime number?
True
Suppose -3*d + 309 = -0*d. Suppose -3*b - 7 = -1, 0 = -3*r - 4*b + d. Is r composite?
False
Let n(v) = -10*v**2 + v + 1. Let d be n(-1). Let i = -7 - d. Suppose -i*h + 11 = -196. Is h composite?
True
Suppose -5*g - 90 = -725. Is g a prime number?
True
Let t(j) = 125*j + 5. Is t(4) prime?
False
Let n be (-1 - -6) + (-1 - 1). Suppose -n*m - t + 6 = m, -2 = -4*m - 3*t. Suppose m*z - g - 42 = 0, -z = -3*z - 5*g + 54. Is z a composite number?
True
Suppose -3*l - 1089 = -216. Let h = -195 - l. Let x = h + -47. Is x a composite number?
True
Let x(n) = n**2 - 2*n + 2. Let z be x(4). Let j = z - 7. Suppose -2*l = j*l - 485. Is l a composite number?
False
Suppose -3*a = 5*m - 10, m + 5*a = -3*m + 21. Is ((-7)/(14/20))/m a prime number?
False
Suppose 20 + 14 = -w. Let q be w/(-8) + 2/(-8). Let s = 83 - q. Is s prime?
True
Suppose 10 = -4*z + 1070. Is z prime?
False
Suppose 4*g = g - l + 114, -4*l = 2*g - 86. Is g prime?
True
Suppose 10 = 5*r, -44 = -3*x - x - 2*r. Let n be x/4*(-6)/(-5). Suppose 1 = -z + 4*u, n*z + 0*u - 67 = -2*u. Is z a composite number?
False
Suppose -3*s - 3 + 15 = 0, 68 = -4*l - s. Let r = l + 77. Is r a composite number?
False
Suppose 7*m = 12*m - 45. Let c be 3/m*3 - -5. Suppose c*r - r = 955. Is r a composite number?
False
Let w(d) = d**3 - 9*d**2 - 11*d + 10. Let i be w(10). Suppose 732 = 2*r + 5*y, -3*r + 3*y - 99 + 1218 = i. Is r prime?
False
Suppose k + 2 = 0, -183 = -3*m - 3*k + 2040. Is m composite?
False
Is (-3)/(-2)*14/3 a prime number?
True
Let c be ((-6)/18)/(1/(-12)). Let s(l) = -156*l**2 - l - 4. Let b(k) = -155*k**2 - k - 5. Let v(j) = c*b(j) - 5*s(j). Is v(-1) a prime number?
False
Suppose -3099 = 4*q - 3*l, -l + 780 = -q - 2*l. Is q/(-14) - (-6)/4 composite?
True
Suppose -2*s - 171 = -4*w + w, -4*s = 12. Is w a composite number?
True
Let x be (12/10)/((-6)/(-15)). Suppose 4 = 2*o - 6, -2*d + 109 = x*o. Is d a prime number?
True
Let d(h) = 51*h + 1. Is d(6) a composite number?
False
Suppose 4*x = -51 + 247. Let y be (3 - 2)*-3 + x. Is y + (-6)/2 + 0 a prime number?
True
Let c = 11 - 7. Is -174*(2 + (-10)/c) a prime number?
False
Let b(k) = 14*k**2 - 18*k + 17. Is b(-10) a composite number?
False
Let n = 4 + -3. Is -4 + (2 - n) - -124 a composite number?
True
Let d be (-4 - 85) + (-1 - -1). Let w = -22 - d. Is w composite?
False
Suppose -784 - 132 = -n - 3*c, -5*c = -2*n + 1777. Is n prime?
False
Let a = -2 - 1. Let v = 3 + a. Suppose -5*q = -v*q - 185. Is q a composite number?
False
Let i(g) = g**3 + 8*g**2 + g - 9. Let a be i(-8). Let j = -4 - a. Is j a prime number?
True
Suppose -78 = -3*s - 0*s. Let i be s/10 - 2/(-5). Suppose -i*l = -d - 365, -3*l + 5*d + 213 = -136. Is l prime?
False
Suppose -g - g - o = -7, -35 = -4*g + 5*o. Suppose 10 = 71*p - 69*p. Suppose -3*a + 136 = p*s - 126, 25 = g*s. Is a a composite number?
False
Suppose n - 6 = h, 0 = -h - 3*h - 16. Is n*(-26)/(-12)*3 a prime number?
True
Suppose z = 3*r - 2*r - 213, -r - 4*z + 203 = 0. Is r prime?
True
Is (3812/(-6))/(14/(-21)) prime?
True
Let z(o) = -3*o + 1. Suppose -2 = 5*f + 8, 2*r = 4*f + 14. Suppose -2*p - 14 = r*w, 2*w - 7 = -3*p - 28. Is z(p) prime?
False
Is (-3)/(-2)*(-424)/(-12) a composite number?
False
Is -1 + 1878/4 + (-2)/(-4) composite?
True
Let x be (-105)/(-14)*(2 - 0). Is (-5)/x + 382/3 prime?
True
Suppose -4*n + 312 + 152 = 0. Is n - (2 + (-4)/(-4)) composite?
False
Suppose 5*y - 3897 - 1043 = -5*q, -2*y = -q - 1961. Is y a composite number?
False
Suppose -2*b - 2*l = -4 - 150, 5*b - 2*l - 399 = 0. Suppose -b = -p - 9. Suppose n = -n + p. Is n a composite number?
True
Let s = 311 - 126. Is s prime?
False
Suppose -5*l = 2*o - 18301, -5*l - o = -5*o - 18283. Is l prime?
True
Let c(p) = p**3 - 10*p**2 + 8*p - 1. Is c(10) a composite number?
False
Suppose -u - 105 = -774. Is u a prime number?
False
Let f(y) = 38*y + 2 + 13*y**2 + 23*y - y**3 - 46*y. Is f(11) a composite number?
False
Suppose -551 = -5*q + 3*m, 3*m = 7*m + 8. Let z = q - 56. Is z a prime number?
True
Suppose -4*w + 3536 = -4*y, 5*w - 4435 = 3*y - y. Is w a prime number?
False
Suppose -3*r + 34 = -2*h, 4*r - h + 4*h = 68. Suppose -2*q = -0*q - r. Is q a prime number?
True
Let i(b) = -13*b - 21. Is i(-19) a prime number?
False
Suppose 2*d - 502 = -0*d. Is d prime?
True
Suppose 5*k = 64 + 51. Is k composite?
False
Let o be (0 - -2) + 0 - 4. Let l = o + -84. Let f = l + 153. Is f a prime number?
True
Suppose 7388 = 5*h + 2113. Is h composite?
True
Let m(s) be the first derivative of -s**4/4 - 5*s**3/3 - 5*s**2/2 - 7*s - 3. Is m(-6) prime?
True
Let r(j) = -32*j + 10. Is r(-6) a composite number?
True
Let j = 46 - 71. Let s(y) = -8*y**3 - 2*y**2 - y + 2. Let k be s(-2). Let c = j + k. Is c a prime number?
False
Suppose 3*l + 28 = -2*c, -l + c = -4*c - 2. Let z = -4 - l. Suppose 5*j - 3 = -2*q, 3*q - 3*j - z = 11. Is q a composite number?
True
Let y(s) = -s**3 - 5*s**2 + 6*s + 2. Let l(a) = 4*a + 2. Let t be l(-2). Let m be y(t). Suppose -m*x - 57 = -5*x. Is x composite?
False
Suppose -5*m - 10 = 5. Let f = m - -9. Suppose -5*r + r + 144 = -4*y, r + 5*y = f. Is r prime?
True
Suppose -d + 6*d = 420. Suppose -d = -2*i - 14. Is i a composite number?
True
Let t(c) = 16*c**2 - 4*c + 1. Let y be (-3)/6*-10 - 2. Is t(y) a prime number?
False
Let z(m) = 11*m + 6. Let s be z(-10). Let n = -55 - s. Is n prime?
False
Suppose 3*q - 5*z + 5 = 332, 0 = 3*q - 4*z - 327. Is q a composite number?
False
Let h = 14 - -55. Let i = h + 0. Is i composite?
True
Let t = -132 + 88. Let o = -7 - t. Is o composite?
False
Let z(j) = -42*j**2 + j + 1. Let q be z(-1). Let i = q - -61. Suppose 5*n - 654 + i = 0. Is n a composite number?
False
Let a be (-38)/(-4) - (-3)/(-2). Suppose 0 = -4*r - r - 2*s - 29, -3*r + 2*s = 11. Let m = r + a. Is m a prime number?
True
Suppose 0 = -5*h - 5*n - 1125, -5*h + 4*n - 1131 = 3*n. Let x = -113 - h. Is x a prime number?
True
Let y = 108 - 61. Is (y/(-3))/(1/(-3)) prime?
True
Is ((270/20)/(-9))/((-3)/3518) prime?
True
Let o(j) = -j**3 - j**2 + j + 2. Let v be o(0). Suppose -5*f = g + 3*g - 54, -v*f + 3*g + 40 = 0. Is f a prime number?
False
Let n = -2 + 6. Is (-403)/(-6) - n/24 a prime number?
True
Let o(k) = k**3 + 6*k**2 - k - 11. Is o(-5) a prime number?
True
Let t be (-1365)/(-10) + 1/2. Let z = t - 88. Is z a prime number?
False
Let f(i) = 194*i - 3. Is f(1) composite?
False
Let g(v) = -2*v**3 + 2*v**2 - 3*v - 1. Is g(-6) composite?
False
Suppose 4*p - 1656 = -2*h + 86, p - 438 = -h. Let q = p - -10. Is q a composite number?
False
Suppose -3*q - 563 = -1892. Is q a prime number?
True
Suppose 3*x - 3*q = -2*q + 1708, 5*x - q = 2850. Is x a composite number?
False
Let u = -9 + 10. Is 9 + (-3)/u + 3 composite?
True
Suppose -3*q + 5523 = 3*m